(p) be the first derivative of m(p). Give h(1).
0
Let t(c) be the third derivative of -c**5/60 - c**4/4 - c**3/2 - 2*c**2. Let j(y) = 2*y + 15. Let h be j(-10). What is t(h)?
2
Let i(q) = -13*q + 22. Let b = -7 + 18. Let s(a) = 7*a - 11. Let w(r) = b*s(r) + 6*i(r). What is w(5)?
6
Let k(f) = -2*f + 2*f + 1 - 3*f - 2. Suppose -5*l - 21 = 4. What is k(l)?
14
Let d(y) = 4 - y**2 + 2 - 3 + 3. Give d(0).
6
Let l = 122 + -116. Let u(i) = -2*i + 9. Determine u(l).
-3
Let r(m) = m**2 + m. Let g = 6 - -1. Suppose -3*q + 40 = -g*q. Let j be 2/q + (-33)/(-15). Give r(j).
6
Let i be 5 + 0/4 + 2 + -5. Let h(d) = 11*d + 1. Calculate h(i).
23
Let f(q) = -q**2 - 8*q - 4. Let j(n) = 4*n + 2. Suppose 0 = -2*s + 4*z - 4, 4*s + 2*z = -0*s - 8. Let d be j(s). What is f(d)?
8
Let b be -7 + 12/4 + 11. Let a(g) = 370 - 370 - b*g**2. Calculate a(1).
-7
Let q(z) = -z + 1. Let t(h) be the first derivative of h**3/3 - 4*h**2 + 4*h + 3. Let m be t(8). Calculate q(m).
-3
Suppose -2*d - 4 = -10. Suppose d*o - 6*o = -6. Let v(t) = 0*t**2 - 3*t + 2*t**2 + 0 + 2. Determine v(o).
4
Let a(h) = 0*h + 3*h + h**3 + 0*h - 4*h + h**2. Determine a(1).
1
Let j(p) = p**3 - 5*p**2 + 5*p + 2. Suppose 4*y = -2*v + 5*y + 8, -4*y + 12 = 3*v. What is j(v)?
6
Let g(v) be the first derivative of v**4/4 + 5*v**3/3 - 6*v - 7. Determine g(-5).
-6
Let g(k) = -9*k. Let s = 6 - 7. What is g(s)?
9
Let b(c) = -c**2 - c + 10. Suppose y - 5*y = 0. Calculate b(y).
10
Suppose 8 = 4*s + 2*q, -3*q = 4*s - 3 - 1. Let j(l) = l**3 - 2*l**2 - 4*l + 3. Calculate j(s).
19
Let v(f) be the second derivative of -f**3/6 - f**2 - f. Let y be 4/12*-3 - 3. What is v(y)?
2
Let o(b) = b**2 + b - 2. Let g = -8 - -9. Suppose -g + 7 = 3*c. Determine o(c).
4
Let o(m) = m**3 - 11*m**2 - 12*m - 2. Let t(u) = u**3 + 5*u**2 + 2*u + 4. Let i be t(-4). Calculate o(i).
-2
Let c be ((-4)/6)/((-1)/6). Let w(d) = -d + 1. What is w(c)?
-3
Let t(g) = 4. Let y(c) = -c + 1. Suppose 0 = -2*x + 4. Suppose 0 = 3*f + 12, 0 = -2*m - 3*f - 11 - 3. Let i(j) = m*t(j) + x*y(j). What is i(-2)?
2
Suppose -d - 10 = 3*f, -4*d = -6*d - 4*f - 16. Let v(w) = -w**3 - 5*w**2 - 4*w + 4. Determine v(d).
4
Let z(v) be the second derivative of v**3/2 + 3*v**2/2 - v. Suppose -m + 6 = 2. Suppose f = m*f + 12. Calculate z(f).
-9
Let g(f) be the second derivative of -f**5/60 + f**4/12 - f**3/6 + 4*f. Let p(h) be the second derivative of g(h). What is p(-2)?
6
Let c(a) be the first derivative of a**4/24 + 5*a**2/2 - 3. Let z(r) be the second derivative of c(r). Determine z(-5).
-5
Let h(o) be the first derivative of o**5/30 - o**4/8 - 4*o**3/3 + 2. Let p(g) be the third derivative of h(g). Give p(2).
5
Let l(n) be the second derivative of 1/2*n**2 + 5/12*n**4 - 2/3*n**3 + 0 - 1/20*n**5 - n. Give l(3).
7
Let j(v) = -v**2 - v + 1. Let b be ((-2)/(-2))/(-5 + 4). Let u(c) = -c**2 + 3*c - 4. Let o(f) = b*u(f) - 3*j(f). What is o(1)?
5
Let v = 5 + 4. Suppose -3*f + 4*f + 3 = -3*c, v = -5*c - 3*f. Let s(i) = 4*i**3 - 3*i**3 + i + c*i**3. Determine s(0).
0
Let j(w) = -3*w. Let t be j(1). Let y(x) = -x**3 - 3*x**2 - 2*x - 3. Let l be y(t). Let k(o) = l + 2 - 5 + 3*o. Calculate k(-1).
-3
Let n = -12 + 7. Let w(m) = m - 2. Determine w(n).
-7
Let y be (-2 - (-2 - 1)) + 0. Let j(m) = 8*m**2 - 2. Let a(t) = 3*t**2 + 4*t**2 - 1 - 3*t**2. Let d(f) = 5*a(f) - 2*j(f). What is d(y)?
3
Let s be (8/10)/((-6)/(-75)). Let u = -5 + s. Let j(r) = r. Give j(u).
5
Let g(d) = -d**3 - 7*d**2 - 8*d - 7. Suppose -i = 3*i - 48. Suppose i = -4*j - 12. What is g(j)?
5
Let o(m) be the second derivative of 4*m + 1/3*m**3 + 0 + 0*m**2 - 1/120*m**5 - 1/12*m**4. Let b(k) be the second derivative of o(k). Calculate b(0).
-2
Let c(b) = -2 - b**2 + b - 2 + 5. Calculate c(-1).
-1
Suppose -24 = -5*g - 3*q, g = -g - 5*q + 2. Let c be (g/9)/((-3)/18). Let o be 3 + c/2 - -3. Let a(d) = d**2 - 4*d - 4. Calculate a(o).
-4
Let z(n) be the third derivative of 1/30*n**5 + 0*n**3 + 0*n - 1/12*n**4 + 1/720*n**6 + 0 - 3*n**2. Let f(d) be the second derivative of z(d). Give f(5).
9
Suppose -5*r + 2 = -3*r. Let i(j) = -j - 1. Let x(f) = 24 - 10 - 15. Let s(a) = r*i(a) + 4*x(a). Give s(-5).
0
Let h(j) be the first derivative of -j**2/2 - 3*j + 4. Give h(-4).
1
Let m(l) = -l**2 - 9*l - 9. Let x be m(-7). Suppose -x*o = 23 + 7. Let k be (-3)/o*(6 - -2). Let a(c) = -c**3 + 3*c**2 + 6*c - 2. What is a(k)?
6
Suppose -2*y + 7 + 1 = 0. Suppose -3*a + 2 + y = 0. Let w(n) = -2*n - 2*n - 4*n - a + 3*n. What is w(-2)?
8
Let s be -2 + 2 + 4/(-2). Let g(u) = -7*u - 3. Determine g(s).
11
Let c(j) be the third derivative of 0*j + 5*j**2 + 0*j**4 - 1/120*j**6 + 1/6*j**3 + 0*j**5 + 0. What is c(-2)?
9
Let p(y) be the third derivative of -y**5/60 - 7*y**4/24 - 2*y**3/3 - y**2. Calculate p(-5).
6
Let t(d) = -4*d**2 + 2*d + 3. Let m(i) = -i**2. Let b(x) = -5*m(x) + t(x). Let k be (-5)/(15/(-4))*-3. Calculate b(k).
11
Let c(r) = r**3 + 2*r**2 - 6*r - 2. Let o be (12/9)/((-1)/3). Determine c(o).
-10
Let d(z) = -2*z - 1. Suppose -6 = 2*s, 2*b = -0*s + 3*s - 1. Determine d(b).
9
Let w = 8 - 5. Let j(v) be the first derivative of v**4/12 - 3*v**2/2 + v - 3. Let s(o) be the first derivative of j(o). Determine s(w).
6
Let k(b) be the third derivative of 0 - 2/3*b**3 - 1/120*b**6 + 0*b + b**2 + 1/60*b**5 - 1/24*b**4. Determine k(0).
-4
Let r(t) = t**2 - t - 7. Let v(y) = -y - 4. Let m be v(-7). Let d be r(m). Let n(j) = -2*j**2 + 5*j - 1. Let p(g) = -g. Let s(q) = -n(q) - 5*p(q). What is s(d)?
3
Let b(f) = f. Let q = -9 - -5. Let r = q + 8. Determine b(r).
4
Let t(u) = 4*u**3 - 2*u**2 - 2*u - 1. Suppose 0 = -w - 3*w + 8, 10 = -4*z + 3*w. Give t(z).
-5
Let k(l) = -l**3 + 5*l**2 - 3*l - 4. Let t be k(4). Suppose t = -d - d - 8. Let r(c) = 3*c - 9. Let v(b) = -b + 1. Let x(h) = -r(h) - 4*v(h). What is x(d)?
1
Suppose -17 + 2 = 3*a. Let b(o) = 3*o**2 + 2*o + 6. Let c(f) = f**2 + f. Let m(j) = -b(j) + 4*c(j). Give m(a).
9
Let p(s) = s**3 + s - 1. Let o(g) = g**3 - 3*g**2 + 4*g - 5. Let c(f) = -o(f) + 2*p(f). Calculate c(-3).
9
Let m be (-7 - -7)/(5 + -3). Let c(s) = -s - 4. What is c(m)?
-4
Let k(c) = 3*c - 22. Let o be k(5). Let d(i) = i**3 + 8*i**2 + 6*i - 3. Calculate d(o).
4
Let k(l) = 2 + 4*l + 3*l - 3*l - 2*l. What is k(2)?
6
Let t(b) = -2*b**2 + 2. Let f = 34 - 32. Determine t(f).
-6
Let o(l) = -l. Let r be o(-4). Let i be r*(-1 + (-3)/12). Let u(x) be the first derivative of -x**2 - 3*x + 2. Determine u(i).
7
Let b = 40 - 42. Let g(a) be the second derivative of a**4/6 + a**3/3 - a**2 - 2*a. What is g(b)?
2
Let l(y) = y. Let a = 35 - 37. Determine l(a).
-2
Let z = -13 + 19. Let q(g) = g**3 - 5*g**2 - 6*g + 1. Give q(z).
1
Let b(c) be the first derivative of c**2/2 + 2*c - 7. Determine b(-2).
0
Let x = 7 + -6. Let q(t) = -1 - t + 4 - x + 1. Calculate q(4).
-1
Let t be -2 - -1 - -2 - -1. Let d(l) = 7*l + 0*l - 6*l + l**3 - 3*l**2 + 1. Determine d(t).
-1
Let n = 135 + -130. Let p(y) = 7 + 4*y + 3*y**2 + 2*y**2 - 6*y**2. Give p(n).
2
Let z(h) = -5*h**2 + 11*h + 10. Let q(i) = 3*i**2 - 7*i - 7. Let k(u) = -8*q(u) - 5*z(u). Determine k(0).
6
Let h(k) = k - 9. Let f be (3/((-27)/(-12)))/(2/9). Calculate h(f).
-3
Let p(h) = -h**2 + 5*h - 1. Let w be (4/3 + -2)*-9. Give p(w).
-7
Let z(l) = l**3 - 7*l**2 - l + 4. Let i(g) = g**3 + 4*g**2 - 4*g + 12. Let r be i(-5). Determine z(r).
-3
Let r(s) = -205 + 204 - 4*s**2 + 3*s**2 + 6*s. Calculate r(7).
-8
Let q(r) = -2*r + 3. Let p(n) = 1. Let m(f) = 2*p(f) - q(f). Give m(4).
7
Let p(d) = d**3 - 2*d**2 - 2*d + 3. Let c(z) = 3*z**2 + 3*z + 2. Let s be c(-1). What is p(s)?
-1
Let i(x) = x**2 + 8*x - 3. Let b be 1*(-2)/(8/28). Give i(b).
-10
Let c(i) be the second derivative of -i**3/3 + 5*i**2 - 2*i. Calculate c(7).
-4
Suppose 5*s - 4*x = 20, 3*s - 5*x - 4 = 8. Let b(a) = a**3 - 5*a**2 + 4. What is b(s)?
-12
Suppose -5*y - 4*m - 1 = 0, -2*y - 4*m - 10 = -0*m. Let d(p) = 2*p**y - 1 + 1 + p**2. Let n be 42/36 - (-1)/(-6). Calculate d(n).
3
Suppose -2*x + 2 + 8 = 0. Let c(p) be the third derivative of p**4/24 - p**3 - 6*p**2 + 8*p. Calculate c(x).
-1
Let a be (2 + -1)/((-1)/(-6)). Let j(d) = 2 - 1 + 0 + 16*d - 10. Let r(w) = 8*w - 5. Let q(m) = a*j(m) - 11*r(m). Determine q(1).
9
Let m(d) = 2 + 0*d - 4 - 3*d. Suppose -2*c - c - 4*u + 22 = 0, -5*u = -2*c - 16. Let a = -4 + c. Calculate m(a).
4
Let m(s) be the second